(k) = -k**3 + 18*k**2 - 20*k + 47. Determine v(17).
-4
Let s(f) = 15*f - 5. Give s(4).
55
Let k(d) = 8*d**3 - 4*d**2 + d + 4. Calculate k(-1).
-9
Let g(c) = -c**3 - 19*c**2 + 4*c + 80. What is g(-19)?
4
Let r(l) = l**3 + 10*l**2 + 6. What is r(-10)?
6
Let k(r) = -9*r + 487. Determine k(57).
-26
Let w(r) = 11*r - 37. Give w(1).
-26
Let o(i) = -i**3 - 13*i**2 + 31*i + 14. Calculate o(-15).
-1
Let u(r) = 24*r + 177. What is u(-9)?
-39
Let x(b) = 15*b - 7. Give x(-2).
-37
Let f(o) = -2*o**3 + o**2 + o - 4. What is f(4)?
-112
Let z(b) = 2*b + 25. Calculate z(-5).
15
Let i(h) = 68*h - 1026. Determine i(15).
-6
Let u(f) = -f**3 + 8*f**2 - 10*f - 2. Calculate u(6).
10
Let w(z) = -z**3 - 11*z**2 + 21*z + 115. Calculate w(-12).
7
Let s(j) = -2*j**2 - 17*j + 36. What is s(-10)?
6
Let j(o) = o**3 - 24*o**2 + 79*o + 24. Determine j(20).
4
Let b(o) = -22*o - 83. Calculate b(-4).
5
Let d(b) = -b**2 + 6*b - 13. Give d(4).
-5
Let r(b) = -6*b + 73. Give r(12).
1
Let t(x) = 2*x**2 - 18*x + 39. Give t(5).
-1
Let t(k) = 10*k**3 - 2*k**2 - k + 4. Calculate t(2).
74
Let h(i) = -i**2 - 9*i - 2. What is h(-6)?
16
Let y(v) = -v**3 + 9*v**2 - 7*v + 18. Calculate y(8).
26
Let w(a) = -a**3 + 14*a**2 - 33*a + 4. Determine w(11).
4
Let n(o) = -17*o - 65. What is n(-7)?
54
Let u(t) = -3*t**2 - 46*t + 28. Determine u(-16).
-4
Let j(a) = -a + 8. Determine j(13).
-5
Let a(r) = -12*r - 45. Give a(-7).
39
Let h(i) = i**3 - 4*i**2 - 12*i + 31. Give h(5).
-4
Let d(m) = m**2 - 9*m + 5. Calculate d(9).
5
Let y(o) = 13*o + 11. Give y(-1).
-2
Let m(l) = -l**2 + 10*l + 10. Determine m(11).
-1
Let c(q) = -2*q**2 - 2*q + 3. Give c(-4).
-21
Let p(m) = 3*m**2 + 2*m - 6. What is p(4)?
50
Let v(q) = q**3 + 4*q - 71. Determine v(4).
9
Let l(s) = -11*s - 13. Calculate l(-7).
64
Let d(i) = -i**3 + 8*i**2 - 5. Give d(8).
-5
Let i(x) = x**3 + 3*x**2 - 4*x - 3. What is i(-4)?
-3
Let h(o) = o**2 - 12*o + 10. Give h(10).
-10
Let v(p) = p**3 - 6*p**2 + p + 2. Give v(6).
8
Let a(b) = b**2 - 5*b + 11. What is a(4)?
7
Let j(s) = -s**2 - 19*s - 75. Give j(-10).
15
Let i(u) = 7*u**2 + 5*u + 7. What is i(-1)?
9
Let t(x) = -x - 23. Determine t(-7).
-16
Let r(y) = y**3 - 10*y**2 + 12*y - 11. Determine r(8).
-43
Let o(n) = n**2 - 13*n + 8. Give o(12).
-4
Let s(g) = 10*g - 2. Determine s(7).
68
Let o(i) = -10*i. Give o(-2).
20
Let h(y) = y**3 - 16*y**2 - 19*y + 29. Calculate h(17).
-5
Let c(t) = 50*t + 3. Give c(4).
203
Let l(q) = 5*q - 93. Determine l(18).
-3
Let m(b) = 13*b + 133. Determine m(-10).
3
Let g(u) = u**3 + u**2 - 2*u + 14. Determine g(0).
14
Let s(n) = -15*n + 93. What is s(6)?
3
Let c(x) = -x**3 - 9*x**2 - 4*x - 19. Give c(-9).
17
Let w(i) = -i**2 - 8*i + 2. Determine w(0).
2
Let m(o) = 4*o + 61. Determine m(-16).
-3
Let g(w) = w**2 - 21*w + 55. Calculate g(18).
1
Let u(s) = -7*s + 21. Calculate u(6).
-21
Let c(n) = n**2. Calculate c(2).
4
Let h(x) = 34*x - 104. Calculate h(4).
32
Let o(p) = 2*p**2 - 19*p - 16. Give o(10).
-6
Let x(z) = -z**2 + 3*z + 9. Determine x(6).
-9
Let l(s) = s**2 - 2*s - 10. Give l(-3).
5
Let o(y) = y**3 + y**2 + 2*y - 122. Give o(0).
-122
Let c(u) = u**2 - 8*u + 9. Give c(4).
-7
Let g(u) = u + 35. What is g(28)?
63
Let o(q) = -q**3 + 7*q**2 + 5*q - 10. Calculate o(7).
25
Let n(j) = j**3 - j - 6. What is n(0)?
-6
Let j(b) = b**3 + 2*b**2 - 3*b. Calculate j(2).
10
Let i(u) = -u - 23. What is i(-9)?
-14
Let q(r) = -r**2 + r + 32. Calculate q(0).
32
Let v(f) = -5*f - 7. Calculate v(-2).
3
Let x(c) = -2*c**2 - 22*c + 6. What is x(-11)?
6
Let k(w) = w + 5. Give k(-12).
-7
Let a(z) = 4*z - 79. What is a(21)?
5
Let i(r) = -r**3 + 20*r**2 + 6*r - 135. What is i(20)?
-15
Let s(o) = -o**3 + 6*o**2 + 4*o + 11. Give s(7).
-10
Let y(o) = 2*o**3 + 31*o**2 + 14*o - 24. Calculate y(-15).
-9
Let z(t) = -t + 13. Calculate z(14).
-1
Let r(u) = u**3 - 4*u**2 - 4*u. What is r(5)?
5
Let g(o) = o**2 - 14*o - 273. Calculate g(25).
2
Let q(n) = 6*n - 33. Calculate q(5).
-3
Let s(y) = 2*y**3 - y**2 - y + 2. Calculate s(1).
2
Let i(c) = -c + 10. Determine i(0).
10
Let f(n) = n - 16. Determine f(10).
-6
Let w(g) = 24*g**2 - 7*g + 2. Calculate w(-3).
239
Let v(t) = -t**3 - 6*t**2 + 5*t - 18. Calculate v(-7).
-4
Let i(l) = -3*l + 13. What is i(7)?
-8
Let i(t) = -20*t + 51. Give i(2).
11
Let a(t) = -t + 8. Give a(4).
4
Let f(x) = -52*x**3 + 2*x**2 - 12*x + 11. What is f(1)?
-51
Let y(r) = -r - 15. Determine y(-2).
-13
Let j(q) = -5*q**2 - 30*q - 6. Give j(-6).
-6
Let g(h) = -h**2 - 34*h - 48. What is g(-33)?
-15
Let x(z) = 12*z**3 - z**2 - 3*z + 5. What is x(1)?
13
Let p(g) = -10*g - 6. Give p(-2).
14
Let a(b) = b**3 + 23*b**2 + 21*b - 17. Determine a(-22).
5
Let t(n) = -n**3 - 8*n**2 - 12*n + 1. Determine t(-6).
1
Let f(u) = -2*u**2 - 3*u - 3. Calculate f(-2).
-5
Let a(v) = v**2 - v - 5. Give a(5).
15
Let l(c) = 3*c + 1. What is l(0)?
1
Let x(m) = 2*m + 3. Give x(7).
17
Let b(a) = -a**2 + 3*a. What is b(-4)?
-28
Let t(y) = 4*y - 6. Calculate t(-8).
-38
Let v(o) = -o**3 - 13*o**2 - 2*o - 22. What is v(-13)?
4
Let x(n) = -7*n - 5. Calculate x(-13).
86
Let o(z) = 2*z**2 + 16*z - 21. Determine o(-9).
-3
Let k(v) = -v**2 - 16*v - 28. Determine k(-12).
20
Let s(b) = -b**2 + 2*b - 2. Determine s(1).
-1
Let c(u) = -u**3 + 3*u - 4. Give c(-3).
14
Let l(x) = x**3 + 15*x**2 - 3. Determine l(-15).
-3
Let y(j) = 52*j + 1199. Give y(-23).
3
Let y(c) = -c**2 + 126. Give y(0).
126
Let v(m) = -m**3 + 6*m**2 + 16*m + 9. Give v(8).
9
Let f(a) = a**3 + 4*a**2 + 4*a + 2. What is f(-5)?
-43
Let w(s) = 12*s**3 - s**2 - 2*s + 2. Calculate w(1).
11
Let z(g) = g**2 + 10*g + 11. Give z(-7).
-10
Let q(d) = d**3 - 9*d**2 - 12*d + 15. Give q(10).
-5
Let w(v) = -2*v**2 + v + 2. Determine w(3).
-13
Let p(a) = -a**3 + a**2 - a + 3. Calculate p(0).
3
Let m(w) = 5*w - 1. Calculate m(10).
49
Let q(c) = -c**3 - 11*c**2 + 10*c - 19. Determine q(-12).
5
Let f(p) = -2*p**3 - 5*p**2 + 4*p - 3. Calculate f(-4).
29
Let w(d) = d**2 + 18*d - 17. What is w(-19)?
2
Let g(c) = -c**3 + 10*c**2 - 10*c + 4. What is g(9)?
-5
Let r(i) = i**2 + 3*i + 5. Calculate r(-3).
5
Let d(y) = y**3 - 9*y**2 + 10*y + 9. Determine d(9).
99
Let w(o) = -13*o - 5. Determine w(-2).
21
Let g(i) = -2*i**2 + 4*i - 50. Determine g(0).
-50
Let w(g) = g**3 + 16*g**2 + 10*g + 21. Determine w(-15).
96
Let p(h) = -2*h - 87. Determine p(-46).
5
Let w(g) = 3*g - 30. Determine w(11).
3
Let k(w) = w**3 - 13*w**2 - 30*w - 5. Determine k(15).
-5
Let w(y) = 2*y**3 + 2*y**2 + 4*y + 3. Give w(-2).
-13
Let q(z) = -z**3 + 6*z**2 - 6*z + 10. What is q(4)?
18
Let a(g) = -g**3 - g**2 + 22*g + 12. What is a(-5)?
2
Let m(q) = q + 16. Give m(-10).
6
Let o(p) = 4*p - 47. What is o(13)?
5
Let m(o) = -o**2 + 39*o - 319. What is m(27)?
5
Let j(i) = 48*i + 720. What is j(-15)?
0
Let i(s) = 4*s - 34. Give i(13).
18
Let c(h) = -6*h**2 - 6*h + 2. What is c(-2)?
-10
Let k(l) = -l - 24. Determine k(-24).
0
Let p(r) = -13*r + 144. Give p(10).
14
Let z(y) = y**3 - 5*y**2 + 2*y + 14. What is z(4)?
6
Let s(n) = n**2 - 5*n - 1. Calculate s(4).
-5
Let p(u) = 3*u**3 - 3*u**2 - 5*u + 8. What is p(4)?
132
Let j(b) = -2*b**2 - 8*b + 10. Calculate j(-5).
0
Let q(g) = -17*g - 356. Determine q(-20).
-16
Let d(l) = -14*l**3 + l. Give d(-1).
13
Let c(s) = s - 3. What is c(9)?
6
Let w(b) = -b**2 + 3*b + 3. Calculate w(5).
-7
Let t(a) = -3*a - 82. Calculate t(-25).
-7
Let t(d) = 12*d + 10. What is t(0)?
10
Let c(f) = -3*f + 3. What is c(3)?
-6
Let q(g) = 19*g + 198. Determine q(-11).
-11
Let t(k) = -2*k**2 + 10*k - 8. Give t(6).
-20
Let p(x) = -2*x**3 - 13*x**2 - 11. Give p(-7).
38
Let a(c) = 7*c. What is a(3)?
21
Let b(u) = 10*u - 3. Calculate b(-4).
-43
Let z(a) = 2*a**2 - 14*a - 7. Calculate z(8).
9
Let d(b) = b**3 - 6*b**2 - 7*b + 12. What is d(7)?
12
Let i(s) = -3*s + 13. What is i(4)?
1
Let b(x) = -x**3 - 15*x**2 - 2*x - 14. Determine b(-15).
16
Let s(p) = 2*p + 3. Give s(2).
7
Let k(j) = -j**3 - 6*j**2 - 6*j + 1. What is k(-3)?
-8
Let p(v) = v**3 - 2*v**2 - v + 3. Determine p(-2).
-11
Let m(w) = -w**3 - 2*w**2 + 12*w + 1. Give m(3).
-8
Let u(s) = 2*s**2 - 37*s - 62. Calculate u(20).
-2
Let u(s) = 5*s - 46. Determine u(10).
4
Let c(v) = 3*v**2 - 13*v - 198. Give c(-6).
-12
Let n(x) = -x**3 - x + 32. Give n(0).
32
Let k(h) = -10*h + 8. Calculate k(1).
-2
Let q(c) = -8*c - 14. Determine q(0).
-14
Let i(k) = k**2 -